{"id":33,"date":"2005-08-19T18:03:27","date_gmt":"2005-08-19T18:03:27","guid":{"rendered":"http:\/\/fsl.lu\/index.php\/2005\/08\/19\/squash-club-de-petange\/"},"modified":"2025-08-25T13:49:18","modified_gmt":"2025-08-25T13:49:18","slug":"squash-club-de-petange","status":"publish","type":"page","link":"https:\/\/www.fsl.lu\/index.php\/clubs\/squash-club-de-petange\/","title":{"rendered":"Squash Club de P\u00e9tange"},"content":{"rendered":"<p><img data-attachment-id=\"1292\" data-permalink=\"https:\/\/www.fsl.lu\/index.php\/clubs\/squash-club-de-petange\/petlogo\/\" data-orig-file=\"https:\/\/i2.wp.com\/www.fsl.lu\/wp-content\/uploads\/2005\/08\/PETlogo.png?fit=200%2C200&amp;ssl=1\" data-orig-size=\"200,200\" data-comments-opened=\"1\" data-image-meta=\"{&quot;aperture&quot;:&quot;0&quot;,&quot;credit&quot;:&quot;&quot;,&quot;camera&quot;:&quot;&quot;,&quot;caption&quot;:&quot;&quot;,&quot;created_timestamp&quot;:&quot;0&quot;,&quot;copyright&quot;:&quot;&quot;,&quot;focal_length&quot;:&quot;0&quot;,&quot;iso&quot;:&quot;0&quot;,&quot;shutter_speed&quot;:&quot;0&quot;,&quot;title&quot;:&quot;&quot;,&quot;orientation&quot;:&quot;0&quot;}\" data-image-title=\"PETlogo\" data-image-description=\"\" data-image-caption=\"\" data-medium-file=\"https:\/\/i2.wp.com\/www.fsl.lu\/wp-content\/uploads\/2005\/08\/PETlogo.png?fit=200%2C200&amp;ssl=1\" data-large-file=\"https:\/\/i2.wp.com\/www.fsl.lu\/wp-content\/uploads\/2005\/08\/PETlogo.png?fit=200%2C200&amp;ssl=1\" loading=\"lazy\" class=\"alignnone wp-image-1292\" src=\"https:\/\/i1.wp.com\/fsl.lu\/wp-content\/uploads\/2005\/08\/PETlogo.png?resize=145%2C145\" alt=\"\" width=\"145\" height=\"145\" srcset=\"https:\/\/i2.wp.com\/www.fsl.lu\/wp-content\/uploads\/2005\/08\/PETlogo.png?w=200&amp;ssl=1 200w, https:\/\/i2.wp.com\/www.fsl.lu\/wp-content\/uploads\/2005\/08\/PETlogo.png?resize=150%2C150&amp;ssl=1 150w\" sizes=\"(max-width: 145px) 100vw, 145px\" data-recalc-dims=\"1\" \/><\/p>\n<table style=\"width: 100%; height: 493px;\" width=\"80%\" cellspacing=\"0\" cellpadding=\"0\" border=\"0\">\n<tbody>\n<tr style=\"height: 85px;\">\n<td style=\"height: 85px; width: 25%;\" width=\"25%\" valign=\"top\"><strong>Official address:<\/strong><\/td>\n<td style=\"height: 85px; width: 74.881%;\">Squash Club P\u00e9tange<br \/>\nChalet Langwiss<br \/>\n1 rue du Stade<br \/>\nL-4711 Linger<\/td>\n<\/tr>\n<tr style=\"height: 22px;\">\n<td style=\"height: 22px; width: 25%;\" valign=\"top\"><strong>Web Site:<\/strong><\/td>\n<td style=\"height: 22px; width: 74.881%;\"><a href=\"http:\/\/www.squashpetange.lu\/\" target=\"_blank\" rel=\"noopener noreferrer\">http:\/\/www.squashpetange.lu\/<\/a><\/td>\n<\/tr>\n<tr style=\"height: 85px;\">\n<td style=\"height: 60px; width: 25%;\" width=\"25%\" valign=\"top\"><strong>President:<\/strong><\/td>\n<td style=\"height: 60px; width: 74.881%;\">SAVINI, Alex<br \/>\nMob. : (see annuaire)<br \/>\n<a href=\"m&#97;&#x69;&#x6c;t&#111;&#x3a;&#x53;a&#118;&#105;&#x6e;&#x69;&#46;&#65;&#x6c;&#x65;x&#64;&#x6f;&#x75;t&#108;&#111;&#x6f;&#x6b;&#46;&#99;&#x6f;&#x6d;\">Savini&#46;Alex&#64;outlook&#46;com<\/a><\/td>\n<\/tr>\n<tr style=\"height: 64px;\">\n<td style=\"height: 64px; width: 25%;\" width=\"25%\" valign=\"top\"><strong>Vice-president:<\/strong><\/td>\n<td style=\"height: 64px; width: 74.881%;\">HAUX, Ken<br \/>\nMob. : (see annuaire)<br \/>\n<a href=\"&#x6d;&#x61;&#105;lt&#x6f;&#x3a;&#107;&#104;a&#x75;&#x78;&#64;&#104;o&#x74;&#x6d;&#x61;&#105;l&#46;&#x63;&#x6f;&#109;\">kh&#97;&#117;&#120;&#x40;&#x68;&#x6f;&#x74;&#x6d;ai&#108;&#46;&#99;&#x6f;&#x6d;<\/a><\/td>\n<\/tr>\n<tr style=\"height: 22px;\">\n<td style=\"height: 22px; width: 25%;\" width=\"25%\" valign=\"top\"><strong>Secretary:<\/strong><\/td>\n<td style=\"height: 22px; width: 74.881%;\"><a href=\"&#x6d;&#97;&#x69;&#x6c;t&#x6f;&#58;s&#x65;&#99;r&#x65;&#116;&#x61;&#x72;i&#x61;&#116;&#64;&#x73;&#113;u&#x61;&#115;&#x68;&#x70;&#101;&#x74;&#x61;n&#x67;&#101;&#46;&#x6c;&#117;\">&#x73;e&#x63;&#114;&#x65;&#x74;a&#x72;&#105;&#x61;&#x74;&#64;&#x73;&#113;&#x75;&#x61;s&#x68;&#112;&#x65;&#x74;a&#x6e;&#103;&#x65;&#x2e;l&#x75;<\/a><br \/>\nou<br \/>\n<a href=\"m&#97;&#105;&#x6c;&#x74;&#x6f;:&#107;&#104;&#x61;&#x75;&#x78;&#64;h&#111;&#x74;&#x6d;&#x61;il&#46;&#99;&#x6f;&#x6d;\">&#x6b;&#x68;&#x61;&#x75;&#120;&#64;&#104;ot&#x6d;&#x61;&#x69;&#x6c;&#x2e;&#99;&#111;&#109;<\/a><\/td>\n<\/tr>\n<tr style=\"height: 22px;\">\n<td style=\"height: 22px; width: 25%;\" width=\"25%\" valign=\"top\"><strong>Treasurer:<\/strong><\/td>\n<td style=\"height: 22px; width: 74.881%;\">LIPPERT, Sam<\/td>\n<\/tr>\n<tr style=\"height: 22px;\">\n<td style=\"height: 22px; width: 25%;\" valign=\"top\"><strong>FSL Rep.:<\/strong><\/td>\n<td style=\"height: 22px; width: 74.881%;\">SAVINI, Alex<\/td>\n<\/tr>\n<tr style=\"height: 22px;\">\n<td style=\"height: 22px; width: 25%;\" width=\"25%\" valign=\"top\"><strong>Licence et M\u00e9dico:<\/strong><\/td>\n<td style=\"height: 22px; width: 74.881%;\">SCHANTZEN, Steve<\/td>\n<\/tr>\n<tr style=\"height: 126px;\">\n<td style=\"height: 68px; width: 25%;\" width=\"25%\" valign=\"top\"><strong>Team Captains:<\/strong><\/td>\n<td style=\"height: 68px; width: 74.881%;\">SAVINI, Alex<br \/>\nMob. : (see annuaire)<br \/>\n<a href=\"&#109;&#x61;&#105;&#x6c;t&#x6f;:&#83;&#x61;&#118;&#x69;&#110;&#x69;&#46;&#x41;l&#101;&#x78;&#64;&#x6f;u&#x74;l&#x6f;&#x6f;&#107;&#x2e;&#99;&#x6f;m\">S&#97;&#118;&#x69;&#x6e;i&#46;&#65;&#108;&#x65;&#x78;&#64;o&#117;&#116;&#x6c;&#x6f;ok&#46;&#x63;&#x6f;&#x6d;<\/a><\/td>\n<\/tr>\n<tr style=\"height: 106px;\">\n<td valign=\"top\" width=\"25%\"><strong><a href=\"https:\/\/www.fsl.lu\/index.php\/clubs\/angels-squash-club\/tinysquashcourt\/\" rel=\"attachment wp-att-6193\"><img data-attachment-id=\"6193\" data-permalink=\"https:\/\/www.fsl.lu\/index.php\/clubs\/angels-squash-club\/tinysquashcourt\/\" data-orig-file=\"https:\/\/i0.wp.com\/www.fsl.lu\/wp-content\/uploads\/2025\/08\/TinySquashCourt.jpg?fit=172%2C138&amp;ssl=1\" data-orig-size=\"172,138\" data-comments-opened=\"1\" data-image-meta=\"{&quot;aperture&quot;:&quot;0&quot;,&quot;credit&quot;:&quot;&quot;,&quot;camera&quot;:&quot;&quot;,&quot;caption&quot;:&quot;&quot;,&quot;created_timestamp&quot;:&quot;0&quot;,&quot;copyright&quot;:&quot;&quot;,&quot;focal_length&quot;:&quot;0&quot;,&quot;iso&quot;:&quot;0&quot;,&quot;shutter_speed&quot;:&quot;0&quot;,&quot;title&quot;:&quot;&quot;,&quot;orientation&quot;:&quot;0&quot;}\" data-image-title=\"TinySquashCourt\" data-image-description=\"\" data-image-caption=\"\" data-medium-file=\"https:\/\/i0.wp.com\/www.fsl.lu\/wp-content\/uploads\/2025\/08\/TinySquashCourt.jpg?fit=172%2C138&amp;ssl=1\" data-large-file=\"https:\/\/i0.wp.com\/www.fsl.lu\/wp-content\/uploads\/2025\/08\/TinySquashCourt.jpg?fit=172%2C138&amp;ssl=1\" loading=\"lazy\" class=\"alignnone wp-image-6193\" src=\"https:\/\/i0.wp.com\/www.fsl.lu\/wp-content\/uploads\/2025\/08\/TinySquashCourt.jpg?resize=100%2C80&#038;ssl=1\" alt=\"\" width=\"100\" height=\"80\"  data-recalc-dims=\"1\"><\/a><\/strong><\/td>\n<td style=\"height: 106px; width: 74.881%;\">Centre Sportif &#8220;Bim Diederich&#8221; de P\u00e9tange<br \/>\n46, rue Pierre Hamer<br \/>\nL &#8211; 4737 P\u00e9tange<br \/>\n4 courts<br \/>\nLuxembourg City &#8211; P\u00e9tange: by motorway, 25 km and by national road, 21 km.<\/td>\n<\/tr>\n<\/tbody>\n<\/table>\n<p>&nbsp;<\/p>\n","protected":false},"excerpt":{"rendered":"<p>Official address: Squash Club P\u00e9tange Chalet Langwiss 1 rue du Stade L-4711 Linger Web Site: http:\/\/www.squashpetange.lu\/ President: SAVINI, Alex Mob. : (see annuaire) S&#97;&#x76;&#x69;n&#105;&#x2e;&#x41;l&#101;&#120;&#x40;&#x6f;u&#116;&#x6c;&#x6f;o&#107;&#x2e;&#x63;o&#109; Vice-president: HAUX, Ken Mob. : (see annuaire) khau&#120;&#64;&#104;&#111;&#116;&#x6d;&#x61;&#x69;&#x6c;&#x2e;&#x63;&#x6f;m Secretary: &#x73;&#x65;&#99;&#114;&#101;t&#x61;&#x72;&#x69;&#97;&#116;&#64;s&#x71;&#x75;&#x61;&#115;&#104;p&#x65;&#x74;&#x61;&#110;&#103;&#101;&#46;&#x6c;&#x75; ou khau&#120;&#64;&#104;&#111;&#116;&#109;&#97;&#x69;&#x6c;&#x2e;&#x63;&#x6f;&#x6d; Treasurer: LIPPERT, Sam FSL Rep.: SAVINI, Alex Licence et M\u00e9dico: SCHANTZEN, Steve Team Captains: SAVINI, Alex Mob. : (see annuaire) &#83;&#x61;v&#x69;&#x6e;&#105;&#x2e;A&#108;&#x65;&#120;&#x40;o&#117;&#x74;l&#x6f;o&#107;&#x2e;c&#x6f;&#x6d; Centre Sportif &#8220;Bim Diederich&#8221; de P\u00e9tange 46, rue Pierre Hamer L &#8211; 4737 P\u00e9tange 4 courts Luxembourg City &#8211; P\u00e9tange: by motorway, 25 km and by national road, 21 km. &nbsp;<\/p>\n","protected":false},"author":2,"featured_media":0,"parent":39,"menu_order":8,"comment_status":"open","ping_status":"open","template":"","meta":{"ngg_post_thumbnail":0,"spay_email":""},"jetpack_sharing_enabled":true,"jetpack_shortlink":"https:\/\/wp.me\/P9222d-x","jetpack-related-posts":[{"id":39,"url":"https:\/\/www.fsl.lu\/index.php\/clubs\/","url_meta":{"origin":33,"position":0},"title":"Our clubs","date":"August 19, 2005","format":false,"excerpt":"At present there are 9 squash centers in Luxembourg amounting to 24 courts which accommodate 12 individual clubs. Mont-Saint-Martin, Thionville (France) are included in Luxembourg's Team Championships. Clubs 2025\/2026 Number of teams Men Ladies Angels Squash Club 3 0 EU Squash Club 0 0 EIB 2 0 Squash Club Ettelbruck\u2026","rel":"","context":"Similar post","img":{"alt_text":"","src":"","width":0,"height":0},"classes":[]},{"id":41,"url":"https:\/\/www.fsl.lu\/index.php\/team-champions\/","url_meta":{"origin":33,"position":1},"title":"Team Champions","date":"August 24, 2005","format":false,"excerpt":"NATIONAL TEAM CHAMPIONS MEN \u00a0 LADIES \u00a0 Winner Runner-up \u00a0 Winner Runner-up 1982\/83 Lazy Lob \u00a0 1982\/83 Lazy Lob \u00a0 1983\/84 SCL Lazy Lob 1983\/84 Lazy Lob \u00a0 1984\/85 Lazy Lob Communities 1984\/85 SCL Findel Lazy Lob 1985\/86 Lazy Lob \u00a0 1985\/86 SCL Findel Lazy Lob 1986\/87 Esch Lazy Lob\u2026","rel":"","context":"In &quot;Palmar\u00e8s&quot;","img":{"alt_text":"","src":"","width":0,"height":0},"classes":[]},{"id":34,"url":"https:\/\/www.fsl.lu\/index.php\/clubs\/squash-club-sandweiler\/","url_meta":{"origin":33,"position":2},"title":"Squash Club Sandweiler","date":"August 19, 2005","format":false,"excerpt":"Official address: Squash Club Sandweilerc\/o Top Squash25, rue de la GareL-5218 SandweilerTel : +352 35 71 81Fax : +352 35 76 09 Web Site: \u00a0 President: P\u00c9CHEUR, EricMob. : (see annuaire)pecheureric@yahoo.fr Vice-President: CAPURSO, MicheleMob. : (see annuaire)miccapurso@gmail.com Secretary: VALL\u00c9E, ChristopheMob. : (see annuaire)chris.vallee@posteo.net Treasurer: EGER, PhilippeMob. : (see annuaire)philippe.eger@bbh.com FSL\u2026","rel":"","context":"Similar post","img":{"alt_text":"","src":"","width":0,"height":0},"classes":[]},{"id":733,"url":"https:\/\/www.fsl.lu\/index.php\/clubs\/g-squash-club\/","url_meta":{"origin":33,"position":3},"title":"G Squash Club","date":"August 19, 2005","format":false,"excerpt":"Official address: G Squash Club 36B Bd Robert Schuman L-2340 Olm Web Site: \u00a0 President: WIDART, David Mob. : (see annuaire) davidwidart@hotmail.com Secretary: VAN WILDERODE, Philippe Mob.: (see annuaire) philippe.vanwilderode@gmail.com Treasurer: GACOIN, Benjamin Mob.: (see annuaire) ben_gacoin@hotmail.com FSL Rep.: WIDART, David Licence et M\u00e9dico: WIDART, David Team Captains: All 4\u2026","rel":"","context":"Similar post","img":{"alt_text":"","src":"","width":0,"height":0},"classes":[]},{"id":32,"url":"https:\/\/www.fsl.lu\/index.php\/clubs\/dexia-squash-club\/","url_meta":{"origin":33,"position":4},"title":"BIL Squash Club","date":"August 19, 2005","format":false,"excerpt":"\u00a0 Official address:\u00a0 BIL Squash Attn. COLART, Marc 69, Route d'Esch L-2953 Luxembourg Fax : 45 90 41 35 President: COLART, Marc \u00a0\u00a0\u00a0\u00a0\u00a0\u00a0\u00a0\u00a0 Tel. office : 45 90 4135 \u00a0\u00a0\u00a0\u00a0\u00a0\u00a0\u00a0\u00a0 Mob. : 621 29 83 26 \u00a0\u00a0\u00a0\u00a0\u00a0\u00a0\u00a0\u00a0 marc.colart@bil.com Secretary: COLART, Marc \u00a0\u00a0\u00a0\u00a0\u00a0\u00a0\u00a0\u00a0 Tel. office : 45 90 4135 \u00a0\u00a0\u00a0\u00a0\u00a0\u00a0\u00a0\u00a0 Mob.\u2026","rel":"","context":"Similar post","img":{"alt_text":"","src":"","width":0,"height":0},"classes":[]},{"id":29,"url":"https:\/\/www.fsl.lu\/index.php\/clubs\/angels-squash-club\/","url_meta":{"origin":33,"position":5},"title":"Angels Squash Club","date":"August 19, 2005","format":false,"excerpt":"Official address: 16, rue Georges HamenL-5219 Sandweiler Web Site: http:\/\/www.angelssquash.net President: NIGHTINGALE, TonyGSM. : (see annuaire) tnightingale@ebn-net.com Secretary: CRAIGHERO, Christine Treasurer: BODIN, Daviddavebodin@yahoo.fr FSL Rep.: GOGGINS, Fiachna Team Captains: 1, 2, 3 & Ladies:angelscaptains@gmail.comDARLINGTON, JackGSM. : (see annuaire)MASSET, EricGSM. : (see annuaire) Top Squash25 rue de la gare,L-5218 Sandweiler \u00a0","rel":"","context":"Similar post","img":{"alt_text":"","src":"","width":0,"height":0},"classes":[]}],"jetpack_likes_enabled":true,"_links":{"self":[{"href":"https:\/\/www.fsl.lu\/index.php\/wp-json\/wp\/v2\/pages\/33"}],"collection":[{"href":"https:\/\/www.fsl.lu\/index.php\/wp-json\/wp\/v2\/pages"}],"about":[{"href":"https:\/\/www.fsl.lu\/index.php\/wp-json\/wp\/v2\/types\/page"}],"author":[{"embeddable":true,"href":"https:\/\/www.fsl.lu\/index.php\/wp-json\/wp\/v2\/users\/2"}],"replies":[{"embeddable":true,"href":"https:\/\/www.fsl.lu\/index.php\/wp-json\/wp\/v2\/comments?post=33"}],"version-history":[{"count":15,"href":"https:\/\/www.fsl.lu\/index.php\/wp-json\/wp\/v2\/pages\/33\/revisions"}],"predecessor-version":[{"id":6201,"href":"https:\/\/www.fsl.lu\/index.php\/wp-json\/wp\/v2\/pages\/33\/revisions\/6201"}],"up":[{"embeddable":true,"href":"https:\/\/www.fsl.lu\/index.php\/wp-json\/wp\/v2\/pages\/39"}],"wp:attachment":[{"href":"https:\/\/www.fsl.lu\/index.php\/wp-json\/wp\/v2\/media?parent=33"}],"curies":[{"name":"wp","href":"https:\/\/api.w.org\/{rel}","templated":true}]}}